{"id":376,"date":"2026-02-02T13:08:42","date_gmt":"2026-02-02T10:08:42","guid":{"rendered":"https:\/\/2026kongre.psikoterapi.com\/?page_id=376"},"modified":"2026-02-24T03:18:30","modified_gmt":"2026-02-24T00:18:30","slug":"duzenleme-kurulu","status":"publish","type":"page","link":"https:\/\/2026kongre.psikoterapi.com\/index.php\/duzenleme-kurulu\/","title":{"rendered":"D\u00fczenleme Kurulu"},"content":{"rendered":"\n<div class=\"wp-block-buttons is-content-justification-center is-layout-flex wp-container-core-buttons-is-layout-a89b3969 wp-block-buttons-is-layout-flex\">\n<div class=\"wp-block-button\"><a class=\"wp-block-button__link has-kubio-color-6-background-color has-background wp-element-button\" href=\"https:\/\/2026kongre.psikoterapi.com\/index.php\/psk-guldenur-karakasoglu\/\"><strong>G\u00fcldenur Karaka\u015fo\u011flu (D\u00fczenleme Kurulu Ba\u015fkan\u0131)<\/strong><\/a><\/div>\n<\/div>\n\n\n\n<div class=\"wp-block-buttons is-content-justification-center is-layout-flex wp-container-core-buttons-is-layout-a89b3969 wp-block-buttons-is-layout-flex\">\n<div class=\"wp-block-button\"><a class=\"wp-block-button__link has-kubio-color-6-background-color has-background wp-element-button\" href=\"https:\/\/2026kongre.psikoterapi.com\/index.php\/psk-dan-fatih-kagan-sunecli\/\"><strong>Fatih Ka\u011fan S\u00fcne\u00e7li (D\u00fczenleme Kurulu \u00dcyesi)<\/strong><\/a><\/div>\n<\/div>\n\n\n\n<div class=\"wp-block-buttons is-content-justification-center is-layout-flex wp-container-core-buttons-is-layout-a89b3969 wp-block-buttons-is-layout-flex\">\n<div class=\"wp-block-button\"><a class=\"wp-block-button__link has-kubio-color-6-background-color has-background wp-element-button\" href=\"https:\/\/2026kongre.psikoterapi.com\/index.php\/psk-zeynep-guler\/\"><strong>Zeynep G\u00fcler (D\u00fczenleme Kurulu \u00dcyesi)<\/strong><\/a><\/div>\n<\/div>\n\n\n\n<div class=\"wp-block-buttons is-content-justification-center is-layout-flex wp-container-core-buttons-is-layout-a89b3969 wp-block-buttons-is-layout-flex\">\n<div class=\"wp-block-button\"><a class=\"wp-block-button__link has-kubio-color-6-background-color has-background wp-element-button\" href=\"https:\/\/2026kongre.psikoterapi.com\/index.php\/psk-adem-demirkan\/\"><strong>Adem Demirkan (D\u00fczenleme Kurulu \u00dcyesi)<\/strong><\/a><\/div>\n<\/div>\n\n\n\n<div class=\"wp-block-buttons is-content-justification-center is-layout-flex wp-container-core-buttons-is-layout-a89b3969 wp-block-buttons-is-layout-flex\">\n<div class=\"wp-block-button\"><a class=\"wp-block-button__link has-kubio-color-6-background-color has-background wp-element-button\" href=\"https:\/\/2026kongre.psikoterapi.com\/index.php\/psk-dan-sule-beyza-akin\/\"><strong>\u015eule Beyza Ak\u0131n (D\u00fczenleme Kurulu \u00dcyesi)<\/strong><\/a><\/div>\n<\/div>\n\n\n\n<div class=\"wp-block-buttons is-content-justification-center is-layout-flex wp-container-core-buttons-is-layout-a89b3969 wp-block-buttons-is-layout-flex\">\n<div class=\"wp-block-button\"><a class=\"wp-block-button__link has-kubio-color-6-background-color has-background wp-element-button\" href=\"https:\/\/2026kongre.psikoterapi.com\/index.php\/uzm-pd-tilbe-tayhan\/\"><strong>Tilbe Tayhan (D\u00fczenleme Kurulu \u00dcyesi)<\/strong><\/a><\/div>\n<\/div>\n\n\n\n<div class=\"wp-block-buttons is-content-justification-center is-layout-flex wp-container-core-buttons-is-layout-a89b3969 wp-block-buttons-is-layout-flex\">\n<div class=\"wp-block-button\"><a class=\"wp-block-button__link has-kubio-color-6-background-color has-background wp-element-button\" href=\"https:\/\/2026kongre.psikoterapi.com\/index.php\/psk-dan-gulistan-duygu-yazar\/\"><strong>G\u00fclistan Duygu Yazar (D\u00fczenleme Kurulu \u00dcyesi)<\/strong><\/a><\/div>\n<\/div>\n\n\n\n<div class=\"wp-block-buttons is-content-justification-center is-layout-flex wp-container-core-buttons-is-layout-a89b3969 wp-block-buttons-is-layout-flex\">\n<div class=\"wp-block-button\"><a class=\"wp-block-button__link wp-element-button\">Hafsa Zengin (D\u00fczenleme Kurulu \u00dcyesi)<\/a><\/div>\n<\/div>\n","protected":false},"excerpt":{"rendered":"","protected":false},"author":1,"featured_media":0,"parent":0,"menu_order":0,"comment_status":"closed","ping_status":"closed","template":"","meta":{"saved_in_kubio":true,"footnotes":""},"class_list":["post-376","page","type-page","status-publish","hentry"],"kubio_ai_page_context":{"short_desc":"","purpose":"general"},"_links":{"self":[{"href":"https:\/\/2026kongre.psikoterapi.com\/index.php\/wp-json\/wp\/v2\/pages\/376","targetHints":{"allow":["GET"]}}],"collection":[{"href":"https:\/\/2026kongre.psikoterapi.com\/index.php\/wp-json\/wp\/v2\/pages"}],"about":[{"href":"https:\/\/2026kongre.psikoterapi.com\/index.php\/wp-json\/wp\/v2\/types\/page"}],"author":[{"embeddable":true,"href":"https:\/\/2026kongre.psikoterapi.com\/index.php\/wp-json\/wp\/v2\/users\/1"}],"replies":[{"embeddable":true,"href":"https:\/\/2026kongre.psikoterapi.com\/index.php\/wp-json\/wp\/v2\/comments?post=376"}],"version-history":[{"count":8,"href":"https:\/\/2026kongre.psikoterapi.com\/index.php\/wp-json\/wp\/v2\/pages\/376\/revisions"}],"predecessor-version":[{"id":501,"href":"https:\/\/2026kongre.psikoterapi.com\/index.php\/wp-json\/wp\/v2\/pages\/376\/revisions\/501"}],"wp:attachment":[{"href":"https:\/\/2026kongre.psikoterapi.com\/index.php\/wp-json\/wp\/v2\/media?parent=376"}],"curies":[{"name":"wp","href":"https:\/\/api.w.org\/{rel}","templated":true}]}}