{"id":456,"date":"2026-02-06T12:49:30","date_gmt":"2026-02-06T09:49:30","guid":{"rendered":"https:\/\/2026kongre.psikoterapi.com\/?page_id=456"},"modified":"2026-03-27T16:01:56","modified_gmt":"2026-03-27T13:01:56","slug":"psk-guldenur-karakasoglu","status":"publish","type":"page","link":"https:\/\/2026kongre.psikoterapi.com\/index.php\/psk-guldenur-karakasoglu\/","title":{"rendered":"Psk. G\u00fcldenur Karaka\u015fo\u011flu"},"content":{"rendered":"\n\n","protected":false},"excerpt":{"rendered":"","protected":false},"author":1,"featured_media":0,"parent":0,"menu_order":0,"comment_status":"closed","ping_status":"closed","template":"","meta":{"saved_in_kubio":true,"footnotes":""},"class_list":["post-456","page","type-page","status-publish","hentry"],"kubio_ai_page_context":{"short_desc":"","purpose":"general"},"_links":{"self":[{"href":"https:\/\/2026kongre.psikoterapi.com\/index.php\/wp-json\/wp\/v2\/pages\/456","targetHints":{"allow":["GET"]}}],"collection":[{"href":"https:\/\/2026kongre.psikoterapi.com\/index.php\/wp-json\/wp\/v2\/pages"}],"about":[{"href":"https:\/\/2026kongre.psikoterapi.com\/index.php\/wp-json\/wp\/v2\/types\/page"}],"author":[{"embeddable":true,"href":"https:\/\/2026kongre.psikoterapi.com\/index.php\/wp-json\/wp\/v2\/users\/1"}],"replies":[{"embeddable":true,"href":"https:\/\/2026kongre.psikoterapi.com\/index.php\/wp-json\/wp\/v2\/comments?post=456"}],"version-history":[{"count":5,"href":"https:\/\/2026kongre.psikoterapi.com\/index.php\/wp-json\/wp\/v2\/pages\/456\/revisions"}],"predecessor-version":[{"id":509,"href":"https:\/\/2026kongre.psikoterapi.com\/index.php\/wp-json\/wp\/v2\/pages\/456\/revisions\/509"}],"wp:attachment":[{"href":"https:\/\/2026kongre.psikoterapi.com\/index.php\/wp-json\/wp\/v2\/media?parent=456"}],"curies":[{"name":"wp","href":"https:\/\/api.w.org\/{rel}","templated":true}]}}